e 6*d - 15 = 3*d. Suppose -d*b - 30 = -150. Suppose -3*v + 5*y = -39, 0 = -5*v - 4*y + b + 41. List the prime factors of v.
13
Let p(j) = j**3 + 6*j**2 + 6*j + 7. Let v be p(-5). Let c be (-1)/(2*v/(-360)). What are the prime factors of ((-1)/(-3))/(6/c)?
5
Suppose -5*m + 120 = 4*s, s + m - 23 = -2*m. What are the prime factors of s?
5, 7
Suppose 5 + 7 = 3*r. Let l be (-2)/(-1*r)*0. Suppose 4*g + 2*d - 3*d - 37 = 0, -3*d - 15 = l. List the prime factors of g.
2
Suppose 3*q + 2*u - 112 = 0, -2*u + u = -2. Suppose p - q = -2*p. Let h = -9 + p. List the prime factors of h.
3
Let s = 3 + 0. Suppose -r + 17 = s. What are the prime factors of r?
2, 7
Let b(v) = 4*v - 2. Let y be ((-3)/(-6))/(2/16). Suppose y*f + f = 15. What are the prime factors of b(f)?
2, 5
Suppose -t = -3*k + 208, 6*t = 4*k + t - 292. What are the prime factors of k?
2, 17
Let z(f) = f**3 + f**2 + 2*f + 136. List the prime factors of z(0).
2, 17
Let h(o) = 9*o**2 + 2*o - 4. Let g be h(-4). Suppose -4*q + u = g, 0*u + u = 5*q + 166. Let s = 47 + q. List the prime factors of s.
13
Suppose -5*i + i + 36 = 0. Suppose -2*u + 3*f = -37, u - 5*u - 2*f = -66. Let q = u - i. What are the prime factors of q?
2
Let u = 3 - -46. List the prime factors of u.
7
Let c(a) = 3*a**2 - 1. Suppose 4*k + 5 + 7 = 0. List the prime factors of c(k).
2, 13
Suppose 0 = -r - 3*d + 46, -2*d + 3 = 1. List the prime factors of r.
43
Let t = 5 - -1. Let j be t/(-2) + 12 - -2. Suppose -3*g - 3*o = -27, -g - o = -4*o + j. List the prime factors of g.
2
Let y = 12 + -12. Suppose 2*m - 16 - 16 = y. List the prime factors of m.
2
Let b(s) = -15*s - 7. What are the prime factors of b(-13)?
2, 47
Let q(n) = -n**3 - 11*n**2 - 9*n + 14. Let r be q(-10). Suppose 2*a = -5*o + 33, a - r*o = -10 - 6. List the prime factors of a.
2
Suppose -2*n + 9*d - 14*d + 200 = 0, 0 = -2*n - 2*d + 188. What are the prime factors of n?
2, 3, 5
Let v(m) = -m**2 - 3*m + 2. Let p be v(-3). Suppose 4*q = -4*h + 6*q + 42, p*h + 2*q = 6. What are the prime factors of h?
2
Let d(g) = -3*g**3 + g**2 - 1. Let m be d(-1). Let s = m + -1. Suppose 7 = s*a - 5. What are the prime factors of a?
2, 3
Suppose -4*k = -23 - 69. Let r = k + -5. What are the prime factors of r?
2, 3
Let g = 29 - 17. What are the prime factors of g?
2, 3
Suppose -4*u - 275 = -9*u. What are the prime factors of u?
5, 11
Let w be (-6)/3*(-2)/4. Let x be (-1 - w)/(-3 + 2). Suppose 4 = 2*h - x*y, -1 = -h + 3*y - 9. What are the prime factors of h?
7
Suppose -4*k + w = -3, -2*w + 10 = -5*k + 2*w. Suppose j = k*j - 2*f - 17, 0 = 4*j + 5*f - 3. Suppose -3*g + 11 + j = 0. What are the prime factors of g?
2, 3
Let q = -4 - -4. Suppose 2*w + 4*c + 14 = 0, w - 3*c = -q*w + 18. Suppose 0 = 3*j - 3*s - 2 - 34, 44 = w*j - 5*s. List the prime factors of j.
2
Suppose 0 = -3*v - 2*v + 735. What are the prime factors of v?
3, 7
Let m(w) = w**2 + 2*w + 4. List the prime factors of m(6).
2, 13
Suppose 4*o - 133 = -33. Suppose -2*c = t - 3*c - 11, -c + o = 3*t. List the prime factors of t.
3
Suppose 16 + 95 = 3*s. Suppose 0 = 3*i - d + 14 - 76, -2*i + 5*d + s = 0. List the prime factors of i.
3, 7
Suppose 3 - 5 = -o, 5*v - 4*o - 377 = 0. List the prime factors of v.
7, 11
Suppose -10 - 95 = -3*g. List the prime factors of g.
5, 7
Suppose 0*q - q - 40 = -2*g, -3*q + 89 = 5*g. What are the prime factors of g?
19
Suppose 0 = 4*g - 2*g - 98. Suppose -5*d - w = -0*d - g, 3*w = 5*d - 33. List the prime factors of d.
3
Let k(r) be the third derivative of r**4/24 + 2*r**3/3 + r**2. Let z be k(0). Suppose -4*l - 18 = -4*q + 34, 0 = 4*q + z*l - 36. List the prime factors of q.
11
Let s(o) = -o + 36. Let z be s(0). Let b(n) = -3*n - 3. Let h be b(-2). Suppose -c = h*c - z. What are the prime factors of c?
3
Suppose 45 = 4*s + 5. List the prime factors of s.
2, 5
Suppose 0 = -2*y - 4*z + 136, 0*z + z = -2*y + 121. What are the prime factors of y?
2, 29
Let d(t) = t**3 - t + 3. Let j be 1/1*0/1. Let v be d(j). Suppose -v*h = -4 - 2. List the prime factors of h.
2
List the prime factors of 4/(-14) + (-10108)/(-49).
2, 103
List the prime factors of 1674/(-6)*(-2 - -2 - 1).
3, 31
Let n(y) = 2*y - 12. Let s(t) = t - 1. Let l(u) = -2*u - 1. Let h be l(-2). Let m(q) = h*s(q) - n(q). List the prime factors of m(-6).
3
Suppose -f + 4*f - 39 = 0. What are the prime factors of f?
13
Let o(f) = 81*f**2 - f. Let w be o(1). Suppose 5*h - w = -15. What are the prime factors of h?
13
Let w(s) = 5*s**2 - s + 4. Let q(y) = -y + 1. Let h(x) = -3*q(x) + w(x). List the prime factors of h(-2).
17
Let w(n) = n**3 + 4*n**2 + 3*n + 3. Let k be w(-3). Suppose -k*g = g - 88. What are the prime factors of g?
2, 11
Suppose -4*i - 4*l - 12 = 0, 28 = 5*i - 5*l - 7. Suppose -44 = -3*z + 2*y, 17 = i*z + y - 17. What are the prime factors of z?
2
Let z(s) = -s**2 - 3. Let b be z(0). List the prime factors of (-1)/(b/15) - 1.
2
What are the prime factors of -101*8/12*(-9)/6?
101
Suppose 2*j = 6*j - 16. Suppose -3*v = -j*v + 9. What are the prime factors of v?
3
Let o(n) = -4*n - 14. What are the prime factors of o(-6)?
2, 5
Suppose 4*x = 2*x - c + 5, 5*x + 2*c - 12 = 0. Suppose -5*p + 103 = 2*a, -x*a + 20 = 3*a. List the prime factors of p.
19
Suppose 2*f - 3*a = 40, 4*f - 4*a + 4 = 80. List the prime factors of f.
17
Let c = 138 + -79. What are the prime factors of c?
59
Let l(z) = 2*z**3 - 2*z**2 + 3*z - 6. What are the prime factors of l(4)?
2, 3, 17
Suppose -3*k = -11*k + 1880. What are the prime factors of k?
5, 47
Let y(n) = -62*n - 1. What are the prime factors of y(-1)?
61
Let y be (-1 + 1)*(-1)/(-2). Let j be 3/6*y + -2. What are the prime factors of 5 - j/4*-4?
3
Suppose -5*z = -b + 5, 0 = -z - 4*z - 5. Suppose b = 4*h - 35 - 25. Suppose -h = -2*v - 3*v. What are the prime factors of v?
3
Let f(y) = y**2 - 4*y + 7. Let r be f(5). Suppose 0*h = 3*h - r. Suppose -24 = -h*d + 40. What are the prime factors of d?
2
Let t(a) = -a**3 + 7*a**2 - 5. List the prime factors of t(5).
3, 5
Let d = 56 + 12. Suppose 0*p - 15 = -5*p. Suppose -b = p*b - d. List the prime factors of b.
17
Let i(g) = -g**2 + 4*g + 7. Let w be i(4). Suppose 98 = -5*o + w*o. List the prime factors of o.
7
List the prime factors of (6/(-8))/(10/(-1280)).
2, 3
Let d = 2 - -1. Suppose 0 = d*m + 5 + 1. Let y = m - -5. What are the prime factors of y?
3
What are the prime factors of -1 - (-186 + 3 - 3)?
5, 37
Let r(h) = -h**2 - 10*h - 8. Let b be r(-7). Let c = b - -7. Let j = -8 + c. What are the prime factors of j?
2, 3
What are the prime factors of (0 - 3/(-5))/(4/2020)?
3, 101
Suppose 0 = -7*c + 4*c - 204. Let t = c + 95. List the prime factors of t.
3
Suppose -10*d = -23*d + 221. List the prime factors of d.
17
Let z = -13 + 42. What are the prime factors of z?
29
Let u be (-2)/8 - (-123)/12. Suppose c - u = 2. What are the prime factors of c?
2, 3
What are the prime factors of -68*1*(-2)/((-20)/(-5))?
2, 17
Let q(i) = -i**2 + 7*i - 3. Suppose -2*t = 3*o - 16, 2*t - 4 = -2*o + 10. What are the prime factors of q(t)?
7
Let w(c) = -4 + c + 3 + 6 + 2. List the prime factors of w(-5).
2
Suppose 10 + 10 = 5*q. Suppose 0 = q*c - 30 - 50. List the prime factors of c.
2, 5
Suppose -4*t - 5 = t, 67 = -3*u + 5*t. Let r = -8 - u. List the prime factors of r.
2
Let m(w) = w**3 - 6*w**2 + 5*w. Let q be m(5). Suppose -2*t - 4 + 22 = q. What are the prime factors of t?
3
Let o(t) = 10*t - 2. Let x = -8 - -10. What are the prime factors of o(x)?
2, 3
Let g(o) = o**2 - 2*o + 1. Let h be g(6). Suppose -4*p + h - 5 = 0. Suppose -p*c = -0*c - 95. What are the prime factors of c?
19
Suppose 3*f - 4*i + 2*i - 316 = 0, -2*f = -3*i - 209. List the prime factors of f.
2, 53
Let d(c) = 3*c**2 + 19*c - 6. What are the prime factors of d(-9)?
2, 3, 11
Suppose 0 = 2*h + 8. What are the prime factors of ((-2)/(-3))/(h/(-42))?
7
Suppose -3*u + 4 = -5. List the prime factors of u.
3
What are the prime factors of ((-897)/(-52))/((-1)/(-4))?
3, 23
Let l(i) = -i**2 + 2*i + 100. What are the prime factors of l(0)?
2, 5
Let j(f) be the second derivative of 2*f**3 + f**2/2 - f. List the prime factors of j(1).
13
Let t(v) = v**3 + 3*v**2 - 2*v + 1. List the prime factors of t(-3).
7
Suppose 0 = -d - 3 + 6. Suppose h - d*h = -18. List the prime factors of h.
3
Let k = 110 + -66. What are the prime fac